n thousands digit of 1472915?
7
What is the units digit of 612486?
6
What is the tens digit of 10343874?
7
What is the units digit of 7627118?
8
What is the hundred thousands digit of 161587?
1
What is the thousands digit of 1526849?
6
What is the units digit of 227260?
0
What is the thousands digit of 3479725?
9
What is the units digit of 4832453?
3
What is the hundred thousands digit of 202188?
2
What is the thousands digit of 12287263?
7
What is the hundreds digit of 262784?
7
What is the tens digit of 364503?
0
What is the thousands digit of 125669?
5
What is the ten thousands digit of 87025?
8
What is the millions digit of 15562006?
5
What is the hundred thousands digit of 940418?
9
What is the hundred thousands digit of 11288560?
2
What is the hundred thousands digit of 984735?
9
What is the thousands digit of 28485867?
5
What is the hundreds digit of 354191?
1
What is the hundreds digit of 26052264?
2
What is the hundreds digit of 26393958?
9
What is the units digit of 2388872?
2
What is the hundreds digit of 3484?
4
What is the hundreds digit of 156222?
2
What is the millions digit of 18611760?
8
What is the units digit of 27583540?
0
What is the hundreds digit of 207312?
3
What is the tens digit of 18895?
9
What is the ten thousands digit of 1358253?
5
What is the hundreds digit of 19657131?
1
What is the units digit of 180665?
5
What is the hundred thousands digit of 836113?
8
What is the thousands digit of 4583293?
3
What is the tens digit of 675912?
1
What is the ten thousands digit of 1086735?
8
What is the hundreds digit of 9314343?
3
What is the hundreds digit of 134536?
5
What is the tens digit of 315074?
7
What is the ten millions digit of 27076061?
2
What is the hundred thousands digit of 4258760?
2
What is the thousands digit of 1120317?
0
What is the ten thousands digit of 30470?
3
What is the hundred thousands digit of 1088055?
0
What is the tens digit of 10982453?
5
What is the units digit of 332723?
3
What is the hundreds digit of 14690?
6
What is the hundreds digit of 295651?
6
What is the tens digit of 6798481?
8
What is the ten thousands digit of 4505382?
0
What is the units digit of 586191?
1
What is the hundreds digit of 4008286?
2
What is the hundreds digit of 1355375?
3
What is the millions digit of 3361160?
3
What is the ten thousands digit of 32348326?
4
What is the units digit of 1138664?
4
What is the units digit of 276583?
3
What is the thousands digit of 511512?
1
What is the hundred thousands digit of 2049318?
0
What is the hundreds digit of 144370?
3
What is the ten thousands digit of 5436425?
3
What is the millions digit of 5210609?
5
What is the hundreds digit of 3392714?
7
What is the hundred thousands digit of 108785?
1
What is the units digit of 161663?
3
What is the ten thousands digit of 1747531?
4
What is the thousands digit of 79158?
9
What is the units digit of 1978347?
7
What is the hundreds digit of 29083418?
4
What is the tens digit of 831008?
0
What is the millions digit of 5479586?
5
What is the hundreds digit of 489678?
6
What is the millions digit of 24358085?
4
What is the units digit of 343395?
5
What is the hundreds digit of 3281185?
1
What is the ten thousands digit of 935037?
3
What is the hundreds digit of 642400?
4
What is the thousands digit of 259143?
9
What is the millions digit of 1731905?
1
What is the hundreds digit of 1795865?
8
What is the tens digit of 471342?
4
What is the millions digit of 19307593?
9
What is the hundred thousands digit of 1078683?
0
What is the tens digit of 473982?
8
What is the thousands digit of 10166711?
6
What is the millions digit of 8630928?
8
What is the units digit of 14007819?
9
What is the hundreds digit of 185256?
2
What is the millions digit of 3461734?
3
What is the tens digit of 7485081?
8
What is the thousands digit of 1545964?
5
What is the thousands digit of 4572278?
2
What is the tens digit of 466419?
1
What is the thousands digit of 852491?
2
What is the thousands digit of 165127?
5
What is the units digit of 4395163?
3
What is the hundred thousands digit of 298598?
2
What is the hundreds digit of 100175?
1
What is the ten thousands digit of 3335902?
3
What is the units digit of 5556378?
8
What is the units digit of 1621045?
5
What is the tens digit of 1071474?
7
What is the thousands digit of 1476257?
6
What is the hundreds digit of 194796?
7
What is the thousands digit of 271440?
1
What is the hundreds digit of 69052?
0
What is the hundred thousands digit of 441542?
4
What is the ten thousands digit of 3273493?
7
What is the ten thousands digit of 320381?
2
What is the hundred thousands digit of 1302077?
3
What is the hundreds digit of 334270?
2
What is the ten thousands digit of 573814?
7
What is the hundreds digit of 487823?
8
What is the hundred thousands digit of 386511?
3
What is the millions digit of 17538910?
7
What is the thousands digit of 217900?
7
What is the tens digit of 15460661?
6
What is the units digit of 767245?
5
What is the tens digit of 4376487?
8
What is the thousands digit of 327359?
7
What is the hundreds digit of 528564?
5
What is the units digit of 764917?
7
What is the millions digit of 1286056?
1
What is the ten thousands digit of 357968?
5
What is the tens digit of 9636850?
5
What is the millions digit of 11105304?
1
What is the hundreds digit of 1563075?
0
What is the hundreds digit of 2107358?
3
What is the tens digit of 3919061?
6
What is the hundreds digit of 3033284?
2
What is the hundreds digit of 22002173?
1
What is the hundred thousands digit of 247319?
2
What is the thousands digit of 61676?
1
What is the ten thousands digit of 445463?
4
What is the hundreds digit of 327541?
5
What is the hundreds digit of 109216?
2
What is the thousands digit of 924532?
4
What is the hundred thousands digit of 20114082?
1
What is the hundreds digit of 150072?
0
What is the hundred thousands digit of 22102806?
1
What is the thousands digit of 1631781?
1
What is the tens digit of 167881?
8
What is the ten millions digit of 28685606?
2
What is the hundred thousands digit of 664586?
6
What is the thousands digit of 653513?
3
What is the millions digit of 2222994?
2
What is the ten millions digit of 12449798?
1
What is the thousands digit of 28906?
8
What is the ten thousands digit of 192781?
9
What is the units digit of 11816217?
7
What is the units digit of 260119?
9
What is the tens digit of 1787026?
2
What is the tens digit of 372637?
3
What is the hundreds digit of 4911678?
6
What is the thousands digit of 27424669?
4
What is the hundred thousands digit of 1716446?
7
What is the millions digit of 3467945?
3
What is the millions digit of 3358393?
3
What is the thousands digit of 164102?
4
What is the units digit of 314631?
1
What is the thousands digit of 239478?
9
What is the units digit of 931835?
5
What is the hundred thousands digit of 270305?
2
What is the thousands digit of 28612273?
2
What is the hundreds digit of 8488038?
0
What is the hundreds digit of 741952?
9
What is the tens digit of 2984545?
4
What is the hundred thousands digit of 108122?
1
What is the ten millions digit of 36818459?
3
What is the units digit of 10325585?
5
What is the ten thousands digit of 314893?
1
What is the millions digit of 5365144?
5
What is the ten thousands digit of 3513857?
1
What is the ten thousands digit of 715290?
1
What is the hundreds digit of 134118?
1
What is the hundred thousands digit of 391728?
3
What is the thousands digit of 1955081?
5
What is the units digit of 12812638?
8
What is the hundreds digit of 117057?
0
What is the thousands digit of 3547519?
7
What is the millions digit of 4045334?
4
What is the ten thousands digit of 14275564?
7
What is the hundreds digit of 1626774?
7
What is the tens digit of 11349413?
1
What is the hundred thousands digit of 15681649?
6
What is the hundreds digit of 11250697?
6
What is the hundred thousands digit of 8136200?
1
What is the hundred thousands digit of 2127983?
1
What is the thousands digit of 13163867?
3
What is the hundreds digit of 50437?
4
What is the hundreds digit of 337904?
9
What is the tens digit of 1470460?
6
What is the ten thousands digit of 3087497?
8
What is the thousands digit of 1235488?
5
What is the units digit of 20787577?
7
What is the mi